.
70
Calculate the remainder when 3071497 is divided by 236262.
91
Calculate the remainder when 9594213 is divided by 159.
153
What is the remainder when 337238 is divided by 4380?
4358
What is the remainder when 632542883 is divided by 12?
11
Calculate the remainder when 99098 is divided by 4418.
1902
What is the remainder when 208694072 is divided by 7?
6
Calculate the remainder when 37502374 is divided by 18751178.
18
What is the remainder when 32673 is divided by 3624?
57
Calculate the remainder when 3478203 is divided by 185.
18
Calculate the remainder when 11682548 is divided by 1347.
17
What is the remainder when 18363153 is divided by 418?
413
Calculate the remainder when 9716799 is divided by 336.
15
Calculate the remainder when 205997 is divided by 1827.
1373
Calculate the remainder when 43708 is divided by 20045.
3618
Calculate the remainder when 725296 is divided by 4803.
43
Calculate the remainder when 34417611 is divided by 3239.
3236
What is the remainder when 27381491 is divided by 17?
16
What is the remainder when 52990 is divided by 5183?
1160
What is the remainder when 7929352 is divided by 120?
112
What is the remainder when 1557723 is divided by 64905?
3
Calculate the remainder when 17317 is divided by 5149.
1870
What is the remainder when 52175 is divided by 5796?
11
What is the remainder when 4229980 is divided by 190?
10
What is the remainder when 386758 is divided by 20349?
127
What is the remainder when 8287768 is divided by 753433?
5
Calculate the remainder when 251962 is divided by 818.
18
Calculate the remainder when 28011278 is divided by 274.
258
What is the remainder when 707773 is divided by 7093?
5566
Calculate the remainder when 5713860 is divided by 1904606.
42
What is the remainder when 45258 is divided by 8944?
538
What is the remainder when 192614 is divided by 38521?
9
What is the remainder when 208121 is divided by 1232?
1145
What is the remainder when 3942047 is divided by 3942036?
11
What is the remainder when 2358050 is divided by 1811?
128
What is the remainder when 12735619 is divided by 35?
29
Calculate the remainder when 171516201 is divided by 786.
783
What is the remainder when 758230 is divided by 366?
244
Calculate the remainder when 602534 is divided by 35.
9
What is the remainder when 8553 is divided by 162?
129
What is the remainder when 32012 is divided by 1677?
149
What is the remainder when 36198793 is divided by 69613?
33
Calculate the remainder when 9457191 is divided by 3152397.
0
What is the remainder when 517085 is divided by 1701?
1682
What is the remainder when 42107 is divided by 13949?
260
What is the remainder when 29704 is divided by 1271?
471
Calculate the remainder when 3416861 is divided by 2086.
2079
What is the remainder when 199395 is divided by 66456?
27
What is the remainder when 149328 is divided by 49653?
369
Calculate the remainder when 27038234 is divided by 4575.
4559
Calculate the remainder when 211434650 is divided by 5156942.
28
What is the remainder when 8671607 is divided by 60?
47
What is the remainder when 462335 is divided by 6423?
6302
Calculate the remainder when 89755 is divided by 22436.
11
What is the remainder when 178585 is divided by 2838?
2629
What is the remainder when 4444599 is divided by 312?
159
Calculate the remainder when 314602 is divided by 28599.
13
What is the remainder when 2130544 is divided by 118347?
298
What is the remainder when 88121717 is divided by 3?
2
Calculate the remainder when 2435043 is divided by 2435024.
19
What is the remainder when 381623 is divided by 1691?
1148
Calculate the remainder when 512925 is divided by 168.
21
Calculate the remainder when 40181557 is divided by 3652866.
31
Calculate the remainder when 78001 is divided by 6427.
877
Calculate the remainder when 7383868 is divided by 2461274.
46
What is the remainder when 741950 is divided by 185475?
50
Calculate the remainder when 706892 is divided by 797.
750
Calculate the remainder when 1177195 is divided by 315.
40
What is the remainder when 199672 is divided by 343?
46
What is the remainder when 2725481 is divided by 1220?
1
What is the remainder when 4561820 is divided by 48530?
0
Calculate the remainder when 5362 is divided by 1210.
522
Calculate the remainder when 1565465 is divided by 494.
473
Calculate the remainder when 581928 is divided by 3618.
3048
What is the remainder when 27499744 is divided by 9166560?
64
Calculate the remainder when 4242091 is divided by 48.
43
What is the remainder when 4548915 is divided by 322?
21
Calculate the remainder when 194373 is divided by 80.
53
Calculate the remainder when 900525 is divided by 1701.
696
Calculate the remainder when 106252 is divided by 14955.
1567
What is the remainder when 428951 is divided by 2189?
2096
What is the remainder when 9964090 is divided by 158160?
10
Calculate the remainder when 147825 is divided by 24622.
93
Calculate the remainder when 92088133 is divided by 789.
787
What is the remainder when 37784 is divided by 36630?
1154
What is the remainder when 122418 is divided by 15286?
130
What is the remainder when 8678809 is divided by 8678805?
4
Calculate the remainder when 47966547 is divided by 50.
47
What is the remainder when 1005013 is divided by 5344?
341
Calculate the remainder when 69973 is divided by 289.
35
What is the remainder when 484924 is divided by 161528?
340
What is the remainder when 403222 is divided by 19201?
1
Calculate the remainder when 1499760 is divided by 5193.
4176
What is the remainder when 1168381 is divided by 1385?
826
What is the remainder when 11034640 is divided by 2758636?
96
Calculate the remainder when 31558 is divided by 31411.
147
What is the remainder when 328331 is divided by 3795?
1961
What is the remainder when 156434 is divided by 99?
14
What is the remainder when 1226907 is divided by 1569?
1518
Calculate the remainder when 28502416 is divided by 2192493.
7
What is the remainder when 2074731 is divided by 148191?
57
What is the remainder when 484955 is divided by 241959?
1037
What is the remainder when 301246934 is divided by 27386084?
10
Calculate the remainder when 311199153 is divided by 23938396.
5
Calculate the remainder when 13562935 is divided by 6781463.
9
Calculate the remainder when 9333625 is divided by 24692.
49
Calculate the remainder when 113332 is divided by 1959.
1669
Calculate the remainder when 2224 is divided by 1898.
326
Calculate the remainder when 3625410 is divided by 241694.
0
Calculate the remainder when 1807467 is divided by 486.
33
What is the remainder when 13624017 is divided by 1653?
1644
Calculate the remainder when 378713069 is divided by 45.
44
Calculate the remainder when 506958 is divided by 108.
6
Calculate the remainder when 149814 is divided by 1505.
819
Calculate the remainder when 17820855 is divided by 57.
33
What is the remainder when 33982534 is divided by 5644?
10
What is the remainder when 63647549 is divided by 79?
14
What is the remainder when 103009008 is divided by 1263?
1254
Calculate the remainder when 30843192 is divided by 42367.
16
What is the remainder when 1139010 is divided by 21488?
146
Calculate the remainder when 385679 is divided by 76473.
3314
Calculate the remainder when 924552 is divided by 2547.
2538
What is the remainder when 45227265 is divided by 5025251?
6
What is the remainder when 4065950 is divided by 813187?
15
Calculate the remainder when 16771625 is divided by 1089.
1025
What is the remainder when 2039628 is divided by 1676?
1612
Calculate the remainder when 560118 is divided by 139982.
190
Calculate the remainder when 219998 is divided by 1482.
662
Calculate the remainder when 31625775 is divided by 856.
855
Calculate the remainder when 2415960 is divided by 1207975.
10
What is the remainder when 133752835 is divided by 34?
31
Calculate the remainder when 559595 is divided by 559577.
18
What is the remainder when 10806738 is divided by 1151?
1150
Calculate the remainder when 1052056798 is divided by 6900.
6898
Calculate the remainder when 600328 is divided by 180.
28
What is the remainder when 129337 is divided by 24362?
7527
Calculate the remainder when 97381 is divided by 585.
271
Calculate the remainder when 466535 is divided by 950.
85
What is the remainde